
Suppose -4*y + f + 4*f + 12 = 0, -2*f + 12 = 4*y. Suppose -50 = -2*j - 2*v, v = -5*j + y*j + 45. List the prime factors of j.
2, 5
Let h = 84 - 36. What are the prime factors of h?
2, 3
Let r(y) = -6*y**3 - 2*y**2 + 1. Let b be r(-1). Let g(j) = -j**3 + b*j - 6*j**2 - 4*j + 2 - 5*j - 2*j. List the prime factors of g(-5).
7
Let a be (-1000)/24 - 1/3. List the prime factors of (0 - 3) + a/(-2).
2, 3
Suppose 93 + 3 = 4*d. List the prime factors of d.
2, 3
Let i be (4 - 5)/((-2)/10). Suppose -3*u + 0*u + 22 = i*k, 0 = 4*k - 2*u - 22. List the prime factors of k.
5
Suppose -5*f = 5*r + 35, -5*f + 1 = -5*r + r. Let v be (1/r - 1)*-4. Suppose p = -o + v, -2*p + o - 11 = -4*o. What are the prime factors of p?
2
Suppose c = -4*c. Suppose -3*q + 15 = -c. Suppose -2 - 83 = -q*h. List the prime factors of h.
17
Suppose -3*z + 427 = -q - 0*q, -4*z - 5*q + 601 = 0. What are the prime factors of 8/(-28) - z/(-14)?
2, 5
Suppose 4*r - 29 = -5. Let w(k) = k**3 - 5*k**2 - 4*k + 3. List the prime factors of w(r).
3, 5
Suppose -17 = -4*p + 19. List the prime factors of p.
3
Let x = -6 - -8. Suppose -3*o = x*o - 100. Suppose 3*z - o = 13. What are the prime factors of z?
11
Let r(k) = k**2 + 11*k + 5. Let h be r(-10). What are the prime factors of 25 + 1 + h + 3?
2, 3
Let w = 32 + -48. Let q = 13 - w. Suppose 11 = 5*k - q. What are the prime factors of k?
2
Let g = 141 + 166. List the prime factors of g.
307
Let s = 6 + 0. Suppose -2*g = s - 50. List the prime factors of g.
2, 11
Let l be (-64)/28 + 2/7. Let w(d) = 1 - d - 1. What are the prime factors of w(l)?
2
List the prime factors of 73 + 4/(-4) + -3.
3, 23
Let g(c) = -c - 1. Let j be (2/4)/(4/(-48)). Let i be g(j). Suppose -y - 4*y - 2*x = -60, 53 = 2*y - i*x. What are the prime factors of y?
2, 7
Let g be 2/7 - 183/(-21). Let o = g - 6. Suppose 31 = 4*r + 3*w, 6 + o = r + 2*w. What are the prime factors of r?
7
Suppose 5*r = z - 0*z + 238, -5*r = -3*z - 234. Suppose 88 = 4*x - r. List the prime factors of x.
2, 17
Let z(o) = o**2 - 2*o - 4. Let y be z(3). Let q = y - 0. What are the prime factors of ((6 - q)*1)/1?
7
Suppose 392 = 2*o + 2*d, 8*o - 968 = 3*o - d. What are the prime factors of o?
193
Suppose -3*o - 95 = -3*t + 214, 0 = -2*t - 2*o + 214. Suppose -3*w + 4*n = 2*w + t, 5*n = -3*w - 26. Let z = -7 - w. List the prime factors of z.
2, 5
Suppose 0 = -3*i - 0*i. Suppose 0 = 2*w - 8, -3*h - 5*w = 14 - 214. Suppose -5*n = -i*n - h. What are the prime factors of n?
2, 3
Let h(s) be the first derivative of -s**3/3 + 5*s**2 + 13*s + 1. List the prime factors of h(9).
2, 11
Let r be 0/(0 + -4) - -3. What are the prime factors of ((r - 3) + -13)*-3?
3, 13
Suppose -231 = -12*n + 645. What are the prime factors of n?
73
Let j(y) = -25*y - 11. Let r(h) = 17*h + 7. Let n(a) = -5*j(a) - 8*r(a). Suppose -u + 0*u = 2. What are the prime factors of n(u)?
3, 7
Let o = 27 + -15. Let t be 8/(-3)*o/(-4). Suppose 0 = -l + 4, -t = u - 4*l. List the prime factors of u.
2
Let p(s) = 8*s**2 + s + 11. Let v(w) = -15*w**2 - 3*w - 21. Let f(d) = -11*p(d) - 6*v(d). List the prime factors of f(-4).
3
Let j(d) = -4*d - 9. Let w be ((-12)/(-18))/((-2)/24). What are the prime factors of j(w)?
23
Suppose -3*o = -5*l + 70, o + 95 - 35 = 5*l. Suppose 2*y - 4*y + 13 = x, y + l = 3*x. List the prime factors of y.
2
What are the prime factors of 540/126*84/2?
2, 3, 5
Suppose 5*u - 9 = 6. List the prime factors of u.
3
Suppose -4*j + 44 = 4. List the prime factors of j.
2, 5
Let n(p) = p**2 + 3*p - 4. Let a be n(-4). Suppose a = m - 4*m + 9. Suppose -51 = -m*r - 0*r. List the prime factors of r.
17
Suppose 3*q - 5*r = 40, -5*r - 14 - 6 = q. Suppose -q*s + 2*s = 3*y - 51, 74 = 4*y + 2*s. What are the prime factors of y?
2, 5
What are the prime factors of (-1 - 1/2)*(-1856)/24?
2, 29
Let g(k) be the first derivative of k**4/4 + 7*k**3/3 - k**2 - 6*k - 1. Let o be g(-7). What are the prime factors of (-3)/12 - (-66)/o?
2
Suppose 4 + 4 = 4*a. List the prime factors of ((-13)/a + 0)*-2.
13
Let x be (9/(-6))/((-3)/(-6)). Let o be (-20)/x*(-3 - 0). List the prime factors of (-36)/(-10) + 12/o.
3
Let x be (-2)/2 - -8*1. Let c be 1/(2 + x/(-4)). Suppose -c*t + g + 49 = 2*g, t - 4*g - 8 = 0. What are the prime factors of t?
2, 3
Suppose 0*y + 2*y = -20. Let i = y + 13. What are the prime factors of i?
3
Let y = 28 - 56. Let b = y + 45. What are the prime factors of b?
17
Suppose 8*h = -186 + 666. List the prime factors of h.
2, 3, 5
Let t(z) be the first derivative of -3*z**2/2 - 5*z - 1. Let a(y) = -y**3 + 7*y**2 + 7*y + 3. Let b be a(8). What are the prime factors of t(b)?
2, 5
Let z(s) = 1 - 4*s + 6*s**2 - s**3 - 3*s**2 + 0*s**3 + 4*s**2. What are the prime factors of z(6)?
13
Let j(p) = 1 - 3*p + p - 4*p**3 + p**3 + p**2. Let z be j(1). List the prime factors of z/2*(-44)/6.
11
Let y(r) = -12*r + 46. List the prime factors of y(-9).
2, 7, 11
Let j(f) = -21*f + 16. Let p(h) = -4*h + 3. Let c(a) = -4*j(a) + 22*p(a). List the prime factors of c(-4).
2, 3
Suppose 5*r - 3*r = -8. Let z be (2 + r)/(0 - 1). Suppose 4*s = z*v + 4, 4*v - 5*s = 6 - 2. List the prime factors of v.
2, 3
Let k(m) = m**3 + 6*m**2 - 7*m + 3. Let w be k(-7). Suppose -w*s + 42 = -3*r, -8*s + 4*s - r = -66. Let p = s - 5. List the prime factors of p.
11
Suppose 5*h - 156 = 4. Suppose 0 = 5*o + p - 62, 6*o - 3*o = 2*p + h. What are the prime factors of o?
2, 3
Suppose -5 = a + 2*d, -2*a + 9*d = 4*d - 17. Let c(p) be the third derivative of 19*p**5/60 - p**4/24 + p**3/6 - 2*p**2. What are the prime factors of c(a)?
19
Suppose 2*x = -0*x + 6, -5*j = 3*x - 314. What are the prime factors of j?
61
Suppose -1730 = -11*n + 272. What are the prime factors of n?
2, 7, 13
Suppose 4*b - b + 110 = 5*l, -120 = -5*l + 5*b. Suppose -5*w - j + 17 + l = 0, -j + 12 = 2*w. Suppose 24 = 2*m - w. List the prime factors of m.
2
Suppose 3*w + 31 = 4*k, 3*k + 26 = -3*w + 2*k. What are the prime factors of (0 - w/3)*5?
3, 5
Let f = 6 + -6. Let y(h) = h + 8. Let c be y(-6). Suppose -2 = 2*j, -j + f + 25 = c*o. List the prime factors of o.
13
Let f(b) = -b + 0 + 0. Let s be f(-5). Suppose 0*w = -a - s*w - 1, -6 = 3*w. What are the prime factors of a?
3
Let k = 18 + -14. Let w(i) = -i**3 + 5*i**2 + 5*i - 6. List the prime factors of w(k).
2, 3, 5
Let t(q) = 5*q + 18. Let i be t(-17). Let h = -37 - i. What are the prime factors of h?
2, 3, 5
Let l(a) = -a**2 - 4*a - 8. Let o be l(-6). Let r = o - -32. Suppose 2*y - r = y. What are the prime factors of y?
2, 3
Let u = 409 - 209. What are the prime factors of u?
2, 5
Let k = -211 - -315. List the prime factors of k.
2, 13
Let r be (1 + (-3)/12)*4. Suppose 0 + r = -t. What are the prime factors of 1 + 1 - (2 + t)?
3
List the prime factors of (4/(-8))/(5/(-1650)).
3, 5, 11
Let b(c) = -7*c - 2. Let z(a) = a - 4. Let g be z(2). List the prime factors of b(g).
2, 3
Let l = 5 - 4. What are the prime factors of l*40/6*3?
2, 5
Suppose 3*m - 8*m = -15. Suppose m*p = 2*p + 11. List the prime factors of p.
11
Let t = 8 - -10. List the prime factors of t.
2, 3
Suppose -4*y = 2*s - 480, 2*y - 5*s + 10 = 226. What are the prime factors of y?
2, 59
Let r = -179 - -268. Let v = -126 + r. Let m = -25 - v. What are the prime factors of m?
2, 3
Suppose -6*k = -2*g - 3*k - 1, 5*k + 15 = -5*g. Let d be g/((6/(-4))/3). List the prime factors of 1/d - (-27)/4.
7
Let r(n) = -n**2 + 19*n - 36. List the prime factors of r(16).
2, 3
Suppose -12 = -3*q + q. Let m be q/((-1)/(12/(-9))). Suppose -d + m = -1. What are the prime factors of d?
3
Suppose -a + 4 = 1. Let f(c) = -c + 12. Let y be f(7). Suppose -y*u + 5*s = -20, -s + a = u - 5. What are the prime factors of u?
2, 3
Let q = 18 + 20. Suppose 5*u + 3*b - 4*b - 61 = 0, 3*u = 2*b + q. What are the prime factors of u?
2, 3
Let k(x) = x**2 + 7*x - 5. Let w be k(-11). Suppose 0 = 5*m - 4*z - 154, 4*m = 4*z - w + 159. List the prime factors of m.
2, 17
What are the prime factors of (-9)/(-6)*(0 + 10)?
3, 5
Suppose 190 = i - 0*y - 5*y, 3*i - 580 = 5*y. List the prime factors of i.
3, 5, 13
Let w(u) = u**3 + 4*u**2 - 2*u - 2. Let x be w(-5). Let f = x - -32. What are the prime factors of f?
3, 5
Let f(u) = 4*u + 2. Let b be f(4). Suppose 4*g + 0*g + 3*n - 5 = 0, 0 = 3*g - 5*n + b. List the prime factors of (1 - g)/((-2)/(-9)).
3
Let x